0. Let n = -81 + q. Calculate the greatest common factor of 126 and n.
14
Let t(h) be the third derivative of h**6/40 - h**5/30 + h**4/3 - h**3/6 - h**2. Let q be t(2). Calculate the highest common factor of 93 and q.
31
Let g be (354/8)/((-2124)/240 + 9). What is the greatest common divisor of g and 118?
59
Let s be -1 - -1 - (-206 + -2 - 2). Let v = s - 133. Calculate the highest common factor of v and 11.
11
Suppose -23*p + 5278 + 702 = 0. Calculate the highest common factor of p and 20.
20
Let c be -5 + (-42)/24 + (-3)/(-4). Let o be (-3)/(-9) + (-172)/c. Calculate the greatest common divisor of o and 261.
29
Suppose 4*l - 9 = 5*f, -5*l + f + 19 + 8 = 0. Suppose l*i - 30 = 432. What is the highest common divisor of 7 and i?
7
Let r = -1 - -2. Let y(z) = -2 - 1 - 9*z + 6*z - 9*z. Let j be y(-1). Calculate the highest common factor of j and r.
1
Let v be (-2)/6*14*-9. Let f be (-4 - v/(-6)) + (19 - -2). What is the highest common divisor of f and 12?
12
Suppose -7*y + 88 = -3*y. Suppose 2*f - 512 = w, -2*w + 757 = 3*f + 2*w. Let h = f - 145. Calculate the highest common divisor of y and h.
22
Let i be (-358)/(-2) + (-1 - (12 + -9)). Calculate the highest common factor of 385 and i.
35
Let i be (30/(-18) - 5)*(-147)/28. Calculate the greatest common divisor of i and 7.
7
Suppose 428*y - 160 = 423*y. Suppose -n + 1152 = 3*n. Calculate the greatest common divisor of n and y.
32
Let a(r) be the second derivative of r**4/6 + 7*r**3/3 + 5*r**2/2 + r. Let n be a(-7). Let k be 189/n - 4/(-20). What is the highest common divisor of k and 95?
19
Let l(f) = -11*f + 42. Let c be l(-6). Calculate the greatest common divisor of c and 12.
12
Let i(b) = -27*b**3 + 3*b**2 - 6*b - 10. Let l be i(-3). Calculate the greatest common factor of l and 4.
4
Let t = -20 - -26. Let u(i) = -5*i + 1. Let k be u(-1). Let h(v) = v**2 - 2*v - 6. Let z be h(k). Calculate the highest common factor of t and z.
6
Let h be (-14*(-5)/(-10) + 3)*-35. Calculate the greatest common factor of h and 14.
14
Suppose -x + 178 = -2*a - 3*x, 5*x - 213 = 2*a. Let k = 224 + a. What is the greatest common divisor of 52 and k?
26
Suppose 11*v - 200 = 130. What is the greatest common factor of v and 15?
15
Suppose -14*j + 13*j + 16 = 0. Let w = 53 - 29. Calculate the highest common divisor of w and j.
8
Suppose 0 = 2*h - x - 71, -5*x - 124 = -2*h - h. Suppose 4*s + h = 113. Suppose 0 = -10*o + 4*o + 600. Calculate the highest common factor of s and o.
20
Suppose -4*n - 5*l + 2 = -29, -3*l - 15 = 0. Suppose 3*r + 2*r - 770 = 0. Calculate the greatest common divisor of r and n.
14
Suppose -2*b + 0*b + 294 = 2*t, -723 = -5*b + t. Suppose b = 5*w - 65. Calculate the highest common divisor of w and 28.
14
Let r = 2265 - 2065. Calculate the greatest common factor of r and 520.
40
Let b be (2 + 3)*(-3)/(-5). Suppose -2*i + 5*o = -0*o - 18, b*i - 18 = 3*o. Calculate the highest common factor of i and 28.
4
Suppose 0*l + 2*l + 4*o - 1896 = 0, -3*l = -o - 2837. Calculate the highest common factor of l and 172.
86
Suppose -1996 = -10*m - 136. Calculate the greatest common divisor of 6 and m.
6
Let s = -3 - 4. Let t(c) = 6*c - c - 9 - 79*c**2 + 80*c**2. Let k be t(s). Calculate the highest common divisor of k and 15.
5
Suppose -2*t = 3*s - 5, -t + s + 2 = 2*t. Suppose -4*v + t = -7. Suppose -4*a = 2*r - 96, -v*r + 240 = 3*r - 4*a. What is the highest common factor of 32 and r?
16
Suppose 5*d - 4*y - 154 = -y, -y - 158 = -5*d. Let a(s) = s + 6. Let q be a(-7). Let k be 3 + (q - -2*3). What is the greatest common factor of d and k?
8
Suppose 4*v = -4*g + 20, -5*v + 26 = 4*g - 0*g. Let a be 19 - -3*3/((-45)/20). What is the greatest common divisor of v and a?
3
Suppose -y + 930 = -7*y. Let q = 259 + y. What is the greatest common factor of q and 26?
26
Let v(c) be the first derivative of -c**4/4 - c**3 - 3*c**2/2 - 5*c + 8. Let b be v(-5). Calculate the highest common divisor of b and 15.
15
Let p(n) = -n**3 + 8*n**2 + 9*n. Let u be p(8). Suppose k = -0*g - g + 4, -2*k + g = 1. Let w be (-2 + -1 + 21)/k. What is the highest common factor of u and w?
18
Let q = -52 + 108. Let m be (1 + (2 - 4))*0/3. Suppose -19 = -2*p - t, 5*t = p - m*t + 7. Calculate the greatest common factor of q and p.
8
Suppose 5*z = -2*w + 31, -5*w - 2*z + 123 + 7 = 0. Calculate the highest common factor of w and 336.
28
Let x = 597 - 543. Calculate the greatest common factor of x and 108.
54
Let q(b) = b**3 + 2*b**2 - b + 3. Let m be q(-3). Let t = m + 69. Let d be 4/(-6) - 20/(-3). What is the highest common divisor of d and t?
6
Let p(y) = 146*y - 200. Let a be p(3). What is the greatest common factor of 14 and a?
14
Suppose 2*n - 10 = 3*f - 2*n, 4*f + n - 12 = 0. Suppose -f*v + 203 = 27. What is the greatest common factor of v and 8?
8
Let b = 85 + -47. Let t = b - 14. What is the highest common factor of t and 96?
24
Let h be -4 + (-46)/(-8) + 149094/88. What is the greatest common divisor of 53 and h?
53
Suppose -313 - 1367 = -60*g. Calculate the greatest common divisor of 448 and g.
28
Let p(u) = 2*u**2 - 9*u + 67. Let g be p(17). Calculate the greatest common factor of 12 and g.
12
Let w be (15/(-5) - -6) + 30. Let x = w + -32. What is the greatest common divisor of 10 and x?
1
Suppose -13*d - 14*d = -594. What is the greatest common factor of d and 880?
22
Let x(g) = -g**2 + 9*g - 15. Let q be x(6). Suppose 28 = q*z + 1. What is the highest common factor of z and 63?
9
Suppose 1088 = 11*m - 3*m. Calculate the highest common factor of m and 8.
8
Let a(u) = 12*u - 1. Let o be a(1). Let h be 1/6 + 520/48. Calculate the greatest common factor of o and h.
11
Suppose 2*p + 32 = 4*p. Suppose 2*o = 4*o - p. Let b(s) = 10*s + 6. Let f be b(5). What is the highest common divisor of o and f?
8
Suppose -a - 2*p = -72, -4*p + 42 = -3*a + 248. Suppose -a = -j - 2*k, 3*k - k + 50 = j. What is the highest common factor of j and 90?
30
Let c(p) be the first derivative of p**2 + 18*p + 19. Let j be c(3). What is the highest common divisor of j and 3?
3
Let f(i) = 2 + 6*i**2 - 2*i + 3*i - 2. Let n be f(1). Suppose -3*s = 2*q - 157, -s - 153 = -2*q - 0*q. What is the greatest common factor of q and n?
7
Let z be (20/(-12)*3)/(-1). Let t be (10/(-6))/((-5)/15). Suppose 13 = 2*o - f, -t*o - z*f + 69 + 1 = 0. Calculate the greatest common divisor of o and 99.
9
Let o(k) = 7*k**2 - 16*k - 4. Let q be o(3). Calculate the highest common divisor of 1177 and q.
11
Let j be (-2)/(-1) + 1*48. Let f be (-5)/(45/(-162)) + 1*2. What is the highest common factor of j and f?
10
Let a(j) = -j**2 - 7*j + 6. Let k be a(-6). Let q(p) = -10*p**3 + 8 - 8*p**2 - p + 9*p**3 - 4. Let b be q(-8). Calculate the greatest common divisor of k and b.
12
Let b(n) = -9*n**2 - 11*n - 1. Let m(y) = 19*y**2 + 22*y + 1. Let f(v) = -7*b(v) - 3*m(v). Let j be f(-4). Calculate the greatest common divisor of 8 and j.
8
Suppose 2*d - 1 = 5. Let a be (-151)/(-5) + 2/(-10). Let u be 40/25*a/4. What is the highest common divisor of u and d?
3
Suppose 2*p = -2*b + 118, 2*p = -b - 2*p + 71. Let z be ((-20)/130 - (-54)/13) + 1. What is the highest common factor of b and z?
5
Suppose -10*v - 26*v + 360 = 0. Calculate the greatest common divisor of 145 and v.
5
Suppose 0 = 10*n + 19 - 59. What is the highest common factor of n and 32?
4
Let o = -47 - -64. Suppose -o*j = -11*j - 144. Calculate the highest common divisor of 312 and j.
24
Let x be -1*1*(-2 + 23). Let c = -21 - x. Suppose 2*r - 18 = -c*r. What is the highest common divisor of r and 81?
9
Let z be 18/(-15)*(-15)/2. Let m be 9 - (-5)/((-15)/z). Let l = 53 + -11. What is the greatest common divisor of l and m?
6
Let m(n) = n**2 + n + 126. Let l be m(0). Let q be (l/27)/(1/3). Let f be 262/q + (-8)/(-28). What is the highest common divisor of f and 57?
19
Let o(p) = -p**3 + 8. Let b be o(0). Let l be 3/((-3)/2) - -8. Suppose -39 = -3*s - 3*h, -3*h + l = -5*s + 31. Calculate the greatest common divisor of s and b.
8
Let n(l) = l**3 + 8*l**2 + 16*l + 30. Let r be n(-6). What is the highest common divisor of 51 and r?
3
Suppose 4*j = x - 4, -3*x = -4*j - 18 + 6. What is the greatest common factor of x and 174?
2
Let y = 1 - 6. Let i(c) = -25*c - 11. Let z be i(y). Let x be (z/(-12))/((-1)/10). What is the highest common divisor of x a